{"id":3275,"date":"2025-02-24T10:41:47","date_gmt":"2025-02-24T09:41:47","guid":{"rendered":"https:\/\/elisaele.com\/?page_id=3275"},"modified":"2026-03-05T09:42:53","modified_gmt":"2026-03-05T08:42:53","slug":"sobre-mi","status":"publish","type":"page","link":"https:\/\/elisaele.com\/index.php\/sobre-mi\/","title":{"rendered":"Sobre m\u00ed"},"content":{"rendered":"\n<p><\/p>\n\n\n\n<p>\u00a1Hola!<\/p>\n\n\n\n<p>Soy Elisa, profesora de espa\u00f1ol como lengua extranjera para adultos. Imparto clases online utilizando el m\u00e9todo de aula invertida y plataformas LMS. Adem\u00e1s, creo mis propios materiales digitales, incluyendo videos explicativos, actividades interactivas y recursos gamificados.Mi metodolog\u00eda se basa en tres pilares fundamentales:<\/p>\n\n\n\n<p>\ud83d\udcac <strong>Fomentar la comunicaci\u00f3n oral:<\/strong> Desde el primer d\u00eda, mis estudiantes hablan espa\u00f1ol mediante actividades guiadas, adaptadas a su nivel y contenido espec\u00edfico. Esto les permite usar el idioma en un ambiente relajado que les da confianza para hablarlo. Este enfoque no solo fomenta la interacci\u00f3n grupal en clases online, sino que tambi\u00e9n fortalece el sentido de comunidad, creando v\u00ednculos aut\u00e9nticos entre los estudiantes.<\/p>\n\n\n\n<p>\ud83c\udfa8<strong>Uso de recursos multimedia<\/strong>: Dise\u00f1o y utilizo recursos multimedia atractivos y visualmente estimulantes que facilitan la comprensi\u00f3n y ayudan a los estudiantes a retener mejor la informaci\u00f3n. Los elementos visuales son herramientas poderosas que hacen el aprendizaje m\u00e1s accesible y memorable, especialmente en el contexto digital actual.<\/p>\n\n\n\n<p>\ud83c\udfb2 <strong>Actividades l\u00fadicas:<\/strong> Incorporo actividades l\u00fadicas y divertidas que aumentan la motivaci\u00f3n, mantienen el inter\u00e9s y promueven la cohesi\u00f3n grupal. Estas din\u00e1micas hacen que el aprendizaje sea m\u00e1s placentero y efectivo.<\/p>\n\n\n\n<p>Adem\u00e1s de ense\u00f1ar espa\u00f1ol y crear contenido did\u00e1ctico, trabajo con docentes para que aprendan a utilizar herramientas tecnol\u00f3gicas, incluyendo herramientas de inteligencia artificial. Mi objetivo es ayudar a los docentes a integrar la tecnolog\u00eda en sus clases de manera sencilla y efectiva.<\/p>\n\n\n\n<p>Mi enfoque con los docentes se basa en tres ideas clave:<\/p>\n\n\n\n<p>\ud83d\udd27<strong>Enfoque pr\u00e1ctico:<\/strong> Cada herramienta se aprende en un contexto real: tareas concretas y ejemplos claros.<\/p>\n\n\n\n<p>\ud83d\udccc <strong>Adaptaci\u00f3n al contexto:<\/strong> Cada docente tiene necesidades diferentes. Por eso me enfoco en ofrecer ejemplos adaptables a diversos grupos, niveles y objetivos. No existe una soluci\u00f3n \u00fanica, sino propuestas ajustadas a cada realidad.<\/p>\n\n\n\n<p>\ud83c\udf31 <strong>Simplicidad y claridad:<\/strong> Mi objetivo es que los docentes se sientan c\u00f3modos usando estas herramientas sin necesidad de ser expertos en tecnolog\u00eda. Siempre busco la manera m\u00e1s sencilla y clara de implementarlas.<\/p>\n\n\n\n<p>Mi labor es acompa\u00f1ar a los docentes en este proceso, ofreci\u00e9ndoles ejemplos claros y pr\u00e1cticos que puedan aplicar directamente en sus clases. No se trata de reinventar la rueda, sino de encontrar la mejor manera de aplicar estas herramientas seg\u00fan el contexto para generar <strong>un valor real<\/strong>, tanto para los estudiantes como para los docentes.<\/p>\n\n\n\n<p><\/p>\n","protected":false},"excerpt":{"rendered":"<p>\u00a1Hola! Soy Elisa, profesora de espa\u00f1ol como lengua extranjera para adultos. Imparto clases online utilizando el m\u00e9todo de aula invertida y plataformas LMS. Adem\u00e1s, creo [&hellip;]<\/p>\n","protected":false},"author":1,"featured_media":0,"parent":0,"menu_order":0,"comment_status":"closed","ping_status":"closed","template":"","meta":{"footnotes":""},"class_list":["post-3275","page","type-page","status-publish","hentry"],"yoast_head":"<!-- This site is optimized with the Yoast SEO plugin v27.5 - https:\/\/yoast.com\/product\/yoast-seo-wordpress\/ -->\n<title>Sobre m\u00ed - elisaele<\/title>\n<meta name=\"description\" content=\"Profesora de espa\u00f1ol como lengua extranjera para adultos. Uso el m\u00e9todo de aula invertida y plataformas LMS. Adem\u00e1s, creo mis propios materiales digitales, incluyendo videos explicativos, actividades interactivas y recursos gamificados. Y trabajo con docentes para que aprendan a utilizar herramientas tecnol\u00f3gicas, incluyendo herramientas de inteligencia artificial.\" \/>\n<meta name=\"robots\" content=\"index, follow, max-snippet:-1, max-image-preview:large, max-video-preview:-1\" \/>\n<link rel=\"canonical\" href=\"https:\/\/elisaele.com\/index.php\/sobre-mi\/\" \/>\n<meta property=\"og:locale\" content=\"es_ES\" \/>\n<meta property=\"og:type\" content=\"article\" \/>\n<meta property=\"og:title\" content=\"Sobre m\u00ed - elisaele\" \/>\n<meta property=\"og:description\" content=\"Profesora de espa\u00f1ol como lengua extranjera para adultos. Uso el m\u00e9todo de aula invertida y plataformas LMS. Adem\u00e1s, creo mis propios materiales digitales, incluyendo videos explicativos, actividades interactivas y recursos gamificados. Y trabajo con docentes para que aprendan a utilizar herramientas tecnol\u00f3gicas, incluyendo herramientas de inteligencia artificial.\" \/>\n<meta property=\"og:url\" content=\"https:\/\/elisaele.com\/index.php\/sobre-mi\/\" \/>\n<meta property=\"og:site_name\" content=\"elisaele\" \/>\n<meta property=\"article:modified_time\" content=\"2026-03-05T08:42:53+00:00\" \/>\n<meta name=\"twitter:card\" content=\"summary_large_image\" \/>\n<meta name=\"twitter:label1\" content=\"Tiempo de lectura\" \/>\n\t<meta name=\"twitter:data1\" content=\"2 minutos\" \/>\n<script type=\"application\/ld+json\" class=\"yoast-schema-graph\">{\"@context\":\"https:\\\/\\\/schema.org\",\"@graph\":[{\"@type\":\"WebPage\",\"@id\":\"https:\\\/\\\/elisaele.com\\\/index.php\\\/sobre-mi\\\/\",\"url\":\"https:\\\/\\\/elisaele.com\\\/index.php\\\/sobre-mi\\\/\",\"name\":\"Sobre m\u00ed - elisaele\",\"isPartOf\":{\"@id\":\"https:\\\/\\\/elisaele.com\\\/#website\"},\"datePublished\":\"2025-02-24T09:41:47+00:00\",\"dateModified\":\"2026-03-05T08:42:53+00:00\",\"description\":\"Profesora de espa\u00f1ol como lengua extranjera para adultos. Uso el m\u00e9todo de aula invertida y plataformas LMS. Adem\u00e1s, creo mis propios materiales digitales, incluyendo videos explicativos, actividades interactivas y recursos gamificados. Y trabajo con docentes para que aprendan a utilizar herramientas tecnol\u00f3gicas, incluyendo herramientas de inteligencia artificial.\",\"breadcrumb\":{\"@id\":\"https:\\\/\\\/elisaele.com\\\/index.php\\\/sobre-mi\\\/#breadcrumb\"},\"inLanguage\":\"es\",\"potentialAction\":[{\"@type\":\"ReadAction\",\"target\":[\"https:\\\/\\\/elisaele.com\\\/index.php\\\/sobre-mi\\\/\"]}]},{\"@type\":\"BreadcrumbList\",\"@id\":\"https:\\\/\\\/elisaele.com\\\/index.php\\\/sobre-mi\\\/#breadcrumb\",\"itemListElement\":[{\"@type\":\"ListItem\",\"position\":1,\"name\":\"Home\",\"item\":\"https:\\\/\\\/elisaele.com\\\/\"},{\"@type\":\"ListItem\",\"position\":2,\"name\":\"Sobre m\u00ed\"}]},{\"@type\":\"WebSite\",\"@id\":\"https:\\\/\\\/elisaele.com\\\/#website\",\"url\":\"https:\\\/\\\/elisaele.com\\\/\",\"name\":\"elisaele\",\"description\":\"elisaele: recursos para la clase de espa\u00f1ol como lengua extranjera\",\"publisher\":{\"@id\":\"https:\\\/\\\/elisaele.com\\\/#organization\"},\"potentialAction\":[{\"@type\":\"SearchAction\",\"target\":{\"@type\":\"EntryPoint\",\"urlTemplate\":\"https:\\\/\\\/elisaele.com\\\/?s={search_term_string}\"},\"query-input\":{\"@type\":\"PropertyValueSpecification\",\"valueRequired\":true,\"valueName\":\"search_term_string\"}}],\"inLanguage\":\"es\"},{\"@type\":\"Organization\",\"@id\":\"https:\\\/\\\/elisaele.com\\\/#organization\",\"name\":\"elisaele\",\"url\":\"https:\\\/\\\/elisaele.com\\\/\",\"logo\":{\"@type\":\"ImageObject\",\"inLanguage\":\"es\",\"@id\":\"https:\\\/\\\/elisaele.com\\\/#\\\/schema\\\/logo\\\/image\\\/\",\"url\":\"https:\\\/\\\/elisaele.com\\\/wp-content\\\/uploads\\\/2025\\\/01\\\/cropped-cropped-recursos_para_profesores__ele.png\",\"contentUrl\":\"https:\\\/\\\/elisaele.com\\\/wp-content\\\/uploads\\\/2025\\\/01\\\/cropped-cropped-recursos_para_profesores__ele.png\",\"width\":361,\"height\":221,\"caption\":\"elisaele\"},\"image\":{\"@id\":\"https:\\\/\\\/elisaele.com\\\/#\\\/schema\\\/logo\\\/image\\\/\"}}]}<\/script>\n<!-- \/ Yoast SEO plugin. -->","yoast_head_json":{"title":"Sobre m\u00ed - elisaele","description":"Profesora de espa\u00f1ol como lengua extranjera para adultos. Uso el m\u00e9todo de aula invertida y plataformas LMS. Adem\u00e1s, creo mis propios materiales digitales, incluyendo videos explicativos, actividades interactivas y recursos gamificados. Y trabajo con docentes para que aprendan a utilizar herramientas tecnol\u00f3gicas, incluyendo herramientas de inteligencia artificial.","robots":{"index":"index","follow":"follow","max-snippet":"max-snippet:-1","max-image-preview":"max-image-preview:large","max-video-preview":"max-video-preview:-1"},"canonical":"https:\/\/elisaele.com\/index.php\/sobre-mi\/","og_locale":"es_ES","og_type":"article","og_title":"Sobre m\u00ed - elisaele","og_description":"Profesora de espa\u00f1ol como lengua extranjera para adultos. Uso el m\u00e9todo de aula invertida y plataformas LMS. Adem\u00e1s, creo mis propios materiales digitales, incluyendo videos explicativos, actividades interactivas y recursos gamificados. Y trabajo con docentes para que aprendan a utilizar herramientas tecnol\u00f3gicas, incluyendo herramientas de inteligencia artificial.","og_url":"https:\/\/elisaele.com\/index.php\/sobre-mi\/","og_site_name":"elisaele","article_modified_time":"2026-03-05T08:42:53+00:00","twitter_card":"summary_large_image","twitter_misc":{"Tiempo de lectura":"2 minutos"},"schema":{"@context":"https:\/\/schema.org","@graph":[{"@type":"WebPage","@id":"https:\/\/elisaele.com\/index.php\/sobre-mi\/","url":"https:\/\/elisaele.com\/index.php\/sobre-mi\/","name":"Sobre m\u00ed - elisaele","isPartOf":{"@id":"https:\/\/elisaele.com\/#website"},"datePublished":"2025-02-24T09:41:47+00:00","dateModified":"2026-03-05T08:42:53+00:00","description":"Profesora de espa\u00f1ol como lengua extranjera para adultos. Uso el m\u00e9todo de aula invertida y plataformas LMS. Adem\u00e1s, creo mis propios materiales digitales, incluyendo videos explicativos, actividades interactivas y recursos gamificados. Y trabajo con docentes para que aprendan a utilizar herramientas tecnol\u00f3gicas, incluyendo herramientas de inteligencia artificial.","breadcrumb":{"@id":"https:\/\/elisaele.com\/index.php\/sobre-mi\/#breadcrumb"},"inLanguage":"es","potentialAction":[{"@type":"ReadAction","target":["https:\/\/elisaele.com\/index.php\/sobre-mi\/"]}]},{"@type":"BreadcrumbList","@id":"https:\/\/elisaele.com\/index.php\/sobre-mi\/#breadcrumb","itemListElement":[{"@type":"ListItem","position":1,"name":"Home","item":"https:\/\/elisaele.com\/"},{"@type":"ListItem","position":2,"name":"Sobre m\u00ed"}]},{"@type":"WebSite","@id":"https:\/\/elisaele.com\/#website","url":"https:\/\/elisaele.com\/","name":"elisaele","description":"elisaele: recursos para la clase de espa\u00f1ol como lengua extranjera","publisher":{"@id":"https:\/\/elisaele.com\/#organization"},"potentialAction":[{"@type":"SearchAction","target":{"@type":"EntryPoint","urlTemplate":"https:\/\/elisaele.com\/?s={search_term_string}"},"query-input":{"@type":"PropertyValueSpecification","valueRequired":true,"valueName":"search_term_string"}}],"inLanguage":"es"},{"@type":"Organization","@id":"https:\/\/elisaele.com\/#organization","name":"elisaele","url":"https:\/\/elisaele.com\/","logo":{"@type":"ImageObject","inLanguage":"es","@id":"https:\/\/elisaele.com\/#\/schema\/logo\/image\/","url":"https:\/\/elisaele.com\/wp-content\/uploads\/2025\/01\/cropped-cropped-recursos_para_profesores__ele.png","contentUrl":"https:\/\/elisaele.com\/wp-content\/uploads\/2025\/01\/cropped-cropped-recursos_para_profesores__ele.png","width":361,"height":221,"caption":"elisaele"},"image":{"@id":"https:\/\/elisaele.com\/#\/schema\/logo\/image\/"}}]}},"_links":{"self":[{"href":"https:\/\/elisaele.com\/index.php\/wp-json\/wp\/v2\/pages\/3275","targetHints":{"allow":["GET"]}}],"collection":[{"href":"https:\/\/elisaele.com\/index.php\/wp-json\/wp\/v2\/pages"}],"about":[{"href":"https:\/\/elisaele.com\/index.php\/wp-json\/wp\/v2\/types\/page"}],"author":[{"embeddable":true,"href":"https:\/\/elisaele.com\/index.php\/wp-json\/wp\/v2\/users\/1"}],"replies":[{"embeddable":true,"href":"https:\/\/elisaele.com\/index.php\/wp-json\/wp\/v2\/comments?post=3275"}],"version-history":[{"count":12,"href":"https:\/\/elisaele.com\/index.php\/wp-json\/wp\/v2\/pages\/3275\/revisions"}],"predecessor-version":[{"id":3611,"href":"https:\/\/elisaele.com\/index.php\/wp-json\/wp\/v2\/pages\/3275\/revisions\/3611"}],"wp:attachment":[{"href":"https:\/\/elisaele.com\/index.php\/wp-json\/wp\/v2\/media?parent=3275"}],"curies":[{"name":"wp","href":"https:\/\/api.w.org\/{rel}","templated":true}]}}